k**5/30 - k**4/24 + k**2. Let g be (-299)/247 + 668/3173. Calculate m(g).
19
Let p(m) = -m**3 - 27*m**2 - 2*m + 9. Let l be 19/57 + (-244)/12 + (-4 - 3). Calculate p(l).
63
Let i(w) = 119 - 491 - w**2 + 128 + 122 + w + 128. Determine i(0).
6
Let d be 225/(-825) + ((-82)/22 - 2). Let u(s) = s**3 + 5*s**2 - 3*s + 17. What is u(d)?
-1
Let o(h) = 12 - h**3 - 5 - 3*h + 0*h + 2*h - 10*h**2. Let g(u) = u**2 - u - 82. Let v be g(-8). Determine o(v).
17
Suppose -5*p - 2*s + 7*s + 35 = 0, -5*s + 37 = 3*p. Let w be ((-4)/(-3))/((-96)/(-144)). Let o(d) = w - 12*d**2 - 8 + 9*d + 11*d**2 - 5. Determine o(p).
-11
Let z(r) be the first derivative of r**4/4 - 2*r**3 - 4*r**2 + 7*r + 15. Let q(t) = 10*t**3 + 2*t**2 - t - 2. Let o be q(-1). Let c = -2 - o. What is z(c)?
0
Let q = -176 - -149. Let i = q + 35. Let s(n) = n**2 - 9*n. Determine s(i).
-8
Let q(o) be the first derivative of 3*o**5/20 + o**3/6 + 2*o**2 - 3*o - 55. Let k(s) be the second derivative of q(s). Calculate k(1).
10
Let z(g) = 30*g - 268. Let j be z(9). Let p(b) = 9*b - 3*b**2 - j*b**3 - 17*b**2 - 26*b + 13. Calculate p(-9).
4
Suppose -4*n + 2*n = -4*b + 26, 0 = 4*n + 4*b + 16. Let r(u) = -18*u**2 + 20*u + 9. Let g(s) = 23*s**2 - 27*s - 13. Let m(c) = -7*g(c) - 9*r(c). Determine m(n).
-4
Let n(l) = -l**2 + 31*l - 196. Let v be n(13). Let t(c) = -48*c - 3 + 2 + v*c + 3. Calculate t(2).
-18
Let n be (-8860)/8 - (-28)/(-56). Let q = n + 1105. Let w(a) = a + 1. Let y(k) = 6*k + 7. Let s(m) = 5*w(m) - y(m). Give s(q).
1
Let s(t) = -t + 3. Suppose 2414 = 15*k + 704. Let f = k - 122. What is s(f)?
11
Let q(x) = -10*x - 280. Let a = -8206 - -8179. Determine q(a).
-10
Let t(z) be the first derivative of -z**4/4 + 5*z**3/3 - 5*z**2/2 - 2*z + 3677. Let x be 2 - 3*(-4)/12. What is t(x)?
1
Let g(c) = 9*c + 2572. Let v(i) = -10*i - 3003. Let m(d) = 7*g(d) + 6*v(d). Suppose -11 = -2*n + t, 2*n + 4*t = -0*n + 6. Give m(n).
1
Let a(p) = 19*p - 461. Let k(m) = 12*m - 303. Let i(r) = -5*a(r) + 7*k(r). Calculate i(17).
-3
Let r(t) = t**2 + 7*t + 6. Let s(y) = -13*y - 13 - y**2 + 12 + 9*y. Let l be s(-2). Suppose -3*u = -n + 17, -l - 10 = 3*u - 5*n. Give r(u).
0
Let b(v) be the third derivative of v**5/60 + 5*v**4/24 - v**3/3 + 2*v**2. Let i(s) = s**2 - 216*s + 1457. Let x be i(7). What is b(x)?
4
Let s = -31 - -28. Let x = s - -3. Let u(y) = -5*y + x - 5*y**2 + 0 + 2 + 1 + y**3. Give u(6).
9
Let s be (13 + -27 + 20)/(2/4). Let t(g) = -g**2 + 13*g - 6. Calculate t(s).
6
Let l(a) = 2*a + 13. Let u be -2*(-6)/(-4) + 3. Suppose u*r + 8*r = -72. What is l(r)?
-5
Suppose 0 = -148*h - 575 - 313. Let q(o) = -2*o**2 + 7*o + 24. Determine q(h).
-90
Let k(l) be the second derivative of l**4/12 + l**3/3 + 3*l**2 + 964*l. Let b(i) = i**3 + 14*i**2 + 2*i + 23. Let a be b(-14). Determine k(a).
21
Let b(d) = -d**2 - 5*d + 22. Let r be b(-11). Let n = r + 46. Let u(a) = -3 - 5*a - n*a + 12 + 6*a. What is u(8)?
1
Let k = 81 + -88. Let f(x) = -x**3 + x - 4. Let j(s) = -3*s**3 + 8*s**2 + 12*s - 25. Let z(u) = -4*f(u) + j(u). Determine z(k).
-16
Let l(d) = -2*d**2 - 5*d - 15. Let u(v) = v**2 + 7*v + 18. Let g(k) = 4*l(k) + 3*u(k). Let x(c) = 6*c**2 - 2*c + 8. Let s(j) = 7*g(j) + 6*x(j). Give s(4).
2
Let n(d) = -39*d - 1. Let p(f) = -67*f - 130. Let r(k) = -2*n(k) + p(k). Calculate r(11).
-7
Let d(p) = -2*p + 27. Let f be d(12). Suppose 0 = 3*n - f - 6. Let c = -3 + n. Let b(a) = -a + 9. Determine b(c).
9
Suppose 6*o - 228 = 18*o + 7*o. Let v(x) = x**2 + 7*x - 77. Give v(o).
-17
Let s(w) = 3*w**2 - 36*w + 48. Let b(p) = p**2 - 12*p + 16. Let x(v) = 17*b(v) - 6*s(v). Let a be x(10). Let i(d) = -16*d + 2 - 3 + a + 13*d. What is i(2)?
-3
Let c(d) be the first derivative of 80 - 9/2*d**2 + d. Calculate c(4).
-35
Let h(k) be the first derivative of -2/3*k**3 - k**2 - k - 40 - 7/4*k**4. Let v = 1 - 2. What is h(v)?
6
Let a(w) = -w**3 - 7*w**2 + 2*w - 8. Let z(s) = s**3 - 13*s**2 - 4*s + 64. Let n be z(13). Suppose u - 2*u - n = -k, -4*u - 13 = 3*k. What is a(u)?
-22
Suppose 3*o - 4*y + 1278 = 1230, 0 = 2*o + 2*y - 10. Let l(u) = -u - 1. Let g(m) = -m**2 - 6*m - 3. Let z(c) = -g(c) + 6*l(c). Determine z(o).
13
Let z = -2 - -7. Let y(h) be the second derivative of h**4/8 - 7*h**3/6 + 20*h**2 - 40*h. Let p(l) be the first derivative of y(l). What is p(z)?
8
Let x = 69 - 67. Suppose -3*o = -3, -8 = -6*z + z + x*o. Let h(g) = z*g**2 - g**2 - 1 - 11. Give h(0).
-12
Suppose -16*d = -20*d - 1832. Let q = -449 - d. Let g(b) = -b**2 + 10*b + 6. Calculate g(q).
15
Let s = 6 - 4. Suppose -5*g - 87 = -3*r, -2*r - s*g = -5*g - 57. Let w(d) = r - d**2 + 3*d - 12*d - 32. What is w(-7)?
6
Let a(c) = c**2 + 16*c + 11. Let t be (0 + 1156/8)/((-4)/(-8)). Let m = -304 + t. Determine a(m).
-4
Suppose -5*r = -10*r + 2*a + 16, -9 = 3*r + 5*a. Let w(y) = 8*y. Let m(b) = 19*b - 2. Let t(p) = r*m(p) - 5*w(p). Determine t(-3).
2
Let o = 25 + -19. Let j(f) = -f + o*f + 0 - 6*f + 4. What is j(8)?
-4
Let p be -3*32/(-15) + 4/(-10). Let z(s) = -p*s + 90 + 89 - 182 + 0*s + 2*s**2. Calculate z(5).
17
Let h(w) = -7*w - 41. Let s be h(-6). Let y(o) = -s + 18 - 3 + o - 6. What is y(0)?
8
Let p(w) be the second derivative of -5*w**3/6 + 29*w**2/2 + 51*w + 18. Give p(9).
-16
Let g(d) = d**3 - 13*d**2 - 14. Let i = 676 - 812. Let l = 149 + i. Determine g(l).
-14
Let h be (32/112)/(1 - 11/7)*2. Let p(j) = -56*j**2. Calculate p(h).
-56
Let n = -2213 + 2216. Let a(q) = 11*q - 24. What is a(n)?
9
Let y(p) = -p**2 + 19*p - 70. Let k be y(13). Let c(o) = -2*o**2 + 9*o + 10. Give c(k).
-46
Let a = -30888 + 30887. Let v(d) = -d**3 - 4*d**2 - 7*d - 4. What is v(a)?
0
Let i(y) = y**3 + 13*y**2 + 9*y - 26. Suppose 356*z - 340*z + 192 = 0. Give i(z).
10
Let l(b) = 3*b - 22. Let y(o) = 22*o - 89. Let w(p) = -3*l(p) + y(p). Calculate w(3).
16
Let o(w) = -w**3 - w + 20. Let h(d) = -7*d**3 + 2*d**2 - 7*d + 174. Let l(c) = h(c) - 8*o(c). Give l(0).
14
Let q(h) be the third derivative of -h**4/3 + h**3/3 + h**2. Let o(i) = 162*i - 5020. Let z be o(31). Determine q(z).
-14
Let j be (-176)/704 - (-38)/(-8). Let d(g) = 15*g + 86. Give d(j).
11
Let w(i) be the second derivative of -1/6*i**3 - 50*i + 1/2*i**2 + 1. Suppose 17 - 1 = -4*q. Determine w(q).
5
Let x(l) = -25 - 6324*l - 27*l**2 + 12684*l - 6333*l - l**3. What is x(-28)?
3
Let n(o) = -4574332 - 8*o + o**3 + 4574344 - 3*o + 5*o**2. Give n(-7).
-9
Let l(s) = -220 - 213 - 219 - s**2 - 256 + 13*s + 857. Calculate l(12).
-39
Let d(g) = 8*g - 106. Suppose 106*x + 121 = 1393. Calculate d(x).
-10
Let s(h) = 10*h**2 - 5*h + 11. Suppose 19*z = -11 + 9 + 40. Determine s(z).
41
Let p(v) = -3*v + 68. Let q = 7501 - 7478. Determine p(q).
-1
Suppose -34*p - 75 = 95. Let a(x) be the first derivative of 5/3*x**3 + 1/4*x**4 + 5*x - 3/2*x**2 + 2. Give a(p).
20
Let z(k) = -k**3 + 18*k**2 - 15*k - 21. Let y(a) = 85 + a - a**2 + 5*a**2 - 8*a - 83. Let d be y(3). Calculate z(d).
13
Let r(a) = -3*a - 4. Let d be r(-3). Let y(i) = -8 + 12 + 11 - 7*i + i**2 - 9 + 3*i - 11. Calculate y(d).
0
Let s(t) be the third derivative of t**5/30 + 19*t**4/24 + 2*t**3/3 + 6*t**2 - 10. Determine s(-9).
-5
Let r(v) be the second derivative of -17*v**3/6 - 232*v**2 + 994*v - 4. Give r(-27).
-5
Suppose -7*c - 13*c = 80. Let g(m) = -m**2 + 3*m + 5. Let u = -2 + -3. Let y(t) = -t**2 + 4*t + 6. Let i(k) = u*g(k) + 4*y(k). Determine i(c).
11
Let n(m) be the third derivative of 0*m**6 - 1/12*m**5 + 1/5040*m**7 - 2*m**2 + 0*m**3 + 0 + 0*m**4 + 0*m. Let p(g) be the third derivative of n(g). Give p(-2).
-2
Let u(i) = i - 9*i + 7 - 19 + 4. Calculate u(-11).
80
Let x(o) = 5*o + 5. Let j(c) = 3*c**3 + 7*c + 6. Let i(q) = -q**3 - 9*q**2 - 6*q + 15. Let t be i(-8). Let g be j(t). What is x(g)?
-15
Let f(o) be the second derivative of -o**5/20 + o**4/2 + 3*o**2 - 46*o. Let x(p) = p**3 - 6*p**2 - 20*p + 38. Let r be x(8). Determine f(r).
6
Suppose -1452*p = -1435*p - 425. Let x(b) = b**3 - 24*b**2 - 27*b + 50. What is x(p)?
0
Suppose 0*a - 3*a + 15 = 0. Suppose 9*h - d = 7*h + 9, 5*h = -d + 26. Let l(p) = -2*p + 2*p**3 - p**3 - 1 - 4*p**3 + h*p**2 + 5*p + 2*p**3. What is l(a)?
14
Let b(p) = -p**3 + 13*p**2 + 21*p + 4. Suppose -990*t + 602 = -947*t. What is b(t)?
102
Suppose -5*w = 11*v - 16*v - 10, -2*w = 5*v - 25. Let u(t) = 19 + 6*t - 13*t + 3*t + w*t. Give u(-12).
7
Let m be ((-22)/(-77))/((-